{"id":3983,"date":"2024-07-19T21:44:41","date_gmt":"2024-07-19T21:44:41","guid":{"rendered":"https:\/\/inclusivemap.ca\/mise-a-jour-sur-le-balisage\/"},"modified":"2024-10-15T18:42:25","modified_gmt":"2024-10-15T18:42:25","slug":"mise-a-jour-sur-le-balisage","status":"publish","type":"page","link":"https:\/\/inclusivemap.ca\/fr\/mise-a-jour-sur-le-balisage\/","title":{"rendered":"Mise \u00e0 jour sur le balisage"},"content":{"rendered":"\n<figure class=\"wp-block-image alignwide size-full\"><img loading=\"lazy\" decoding=\"async\" width=\"816\" height=\"253\" src=\"https:\/\/inclusivemap.ca\/wp-content\/uploads\/2024\/07\/MAP-INFO-Newsletter.jpg\" alt=\"\" class=\"wp-image-3716\" srcset=\"https:\/\/inclusivemap.ca\/wp-content\/uploads\/2024\/07\/MAP-INFO-Newsletter.jpg 816w, https:\/\/inclusivemap.ca\/wp-content\/uploads\/2024\/07\/MAP-INFO-Newsletter-300x93.jpg 300w, https:\/\/inclusivemap.ca\/wp-content\/uploads\/2024\/07\/MAP-INFO-Newsletter-768x238.jpg 768w, https:\/\/inclusivemap.ca\/wp-content\/uploads\/2024\/07\/MAP-INFO-Newsletter-400x124.jpg 400w\" sizes=\"auto, (max-width: 816px) 100vw, 816px\" \/><\/figure>\n\n<h2 class=\"wp-block-heading\">juillet 2024<\/h2>\n\n<ul class=\"wp-block-list\">\n<li>Les \u00e9tudiants de MITACS sont arriv\u00e9s en juin et ont men\u00e9 des entretiens pour la deuxi\u00e8me phase de l&rsquo;\u00e9tude. Jusqu&rsquo;\u00e0 pr\u00e9sent, ils ont r\u00e9alis\u00e9 8 entretiens et pr\u00e9voient de commencer le codage et l&rsquo;analyse des donn\u00e9es \u00e0 la fin de l&rsquo;\u00e9t\u00e9. <\/li>\n<\/ul>\n\n<h2 class=\"wp-block-heading\">f\u00e9vrier 2024<\/h2>\n\n<ul class=\"wp-block-list\">\n<li>Deux \u00e9tudiants de MITACS rejoignent le projet pour l&rsquo;\u00e9t\u00e9 2024 afin de collaborer \u00e0 la phase 2 du projet. Au cours de la premi\u00e8re phase (\u00e9t\u00e9 2023), nous avons r\u00e9alis\u00e9 18 entretiens semi-structur\u00e9s sur les exp\u00e9riences d&rsquo;orientation des utilisateurs d&rsquo;appareils de mobilit\u00e9 afin de comprendre les d\u00e9fis et les facilitateurs. <\/li>\n\n\n\n<li>Au cours de l&rsquo;\u00e9t\u00e9 2024, nous travaillerons avec les participants pour d\u00e9velopper le contenu d&rsquo;une intervention de formation \u00e0 l&rsquo;orientation. <\/li>\n<\/ul>\n","protected":false},"excerpt":{"rendered":"<p>juillet 2024 f\u00e9vrier 2024<\/p>\n","protected":false},"author":6,"featured_media":0,"parent":0,"menu_order":0,"comment_status":"closed","ping_status":"closed","template":"","meta":{"_acf_changed":false,"inline_featured_image":false,"footnotes":""},"publication_categories":[],"class_list":["post-3983","page","type-page","status-publish","hentry","entry"],"acf":[],"yoast_head":"<!-- This site is optimized with the Yoast SEO plugin v26.9 - https:\/\/yoast.com\/product\/yoast-seo-wordpress\/ -->\n<title>Mise \u00e0 jour sur le balisage - Inclusivemap<\/title>\n<meta name=\"robots\" content=\"index, follow, max-snippet:-1, max-image-preview:large, max-video-preview:-1\" \/>\n<link rel=\"canonical\" href=\"https:\/\/inclusivemap.ca\/fr\/mise-a-jour-sur-le-balisage\/\" \/>\n<meta property=\"og:locale\" content=\"fr_FR\" \/>\n<meta property=\"og:type\" content=\"article\" \/>\n<meta property=\"og:title\" content=\"Mise \u00e0 jour sur le balisage - Inclusivemap\" \/>\n<meta property=\"og:description\" content=\"juillet 2024 f\u00e9vrier 2024\" \/>\n<meta property=\"og:url\" content=\"https:\/\/inclusivemap.ca\/fr\/mise-a-jour-sur-le-balisage\/\" \/>\n<meta property=\"og:site_name\" content=\"Inclusivemap\" \/>\n<meta property=\"article:modified_time\" content=\"2024-10-15T18:42:25+00:00\" \/>\n<meta property=\"og:image\" content=\"https:\/\/inclusivemap.ca\/wp-content\/uploads\/2024\/07\/MAP-INFO-Newsletter.jpg\" \/>\n\t<meta property=\"og:image:width\" content=\"816\" \/>\n\t<meta property=\"og:image:height\" content=\"253\" \/>\n\t<meta property=\"og:image:type\" content=\"image\/jpeg\" \/>\n<meta name=\"twitter:card\" content=\"summary_large_image\" \/>\n<meta name=\"twitter:label1\" content=\"Dur\u00e9e de lecture estim\u00e9e\" \/>\n\t<meta name=\"twitter:data1\" content=\"1 minute\" \/>\n<script type=\"application\/ld+json\" class=\"yoast-schema-graph\">{\"@context\":\"https:\/\/schema.org\",\"@graph\":[{\"@type\":\"WebPage\",\"@id\":\"https:\/\/inclusivemap.ca\/fr\/mise-a-jour-sur-le-balisage\/\",\"url\":\"https:\/\/inclusivemap.ca\/fr\/mise-a-jour-sur-le-balisage\/\",\"name\":\"Mise \u00e0 jour sur le balisage - Inclusivemap\",\"isPartOf\":{\"@id\":\"https:\/\/inclusivemap.ca\/fr\/#website\"},\"primaryImageOfPage\":{\"@id\":\"https:\/\/inclusivemap.ca\/fr\/mise-a-jour-sur-le-balisage\/#primaryimage\"},\"image\":{\"@id\":\"https:\/\/inclusivemap.ca\/fr\/mise-a-jour-sur-le-balisage\/#primaryimage\"},\"thumbnailUrl\":\"https:\/\/inclusivemap.ca\/wp-content\/uploads\/2024\/07\/MAP-INFO-Newsletter.jpg\",\"datePublished\":\"2024-07-19T21:44:41+00:00\",\"dateModified\":\"2024-10-15T18:42:25+00:00\",\"breadcrumb\":{\"@id\":\"https:\/\/inclusivemap.ca\/fr\/mise-a-jour-sur-le-balisage\/#breadcrumb\"},\"inLanguage\":\"fr-FR\",\"potentialAction\":[{\"@type\":\"ReadAction\",\"target\":[\"https:\/\/inclusivemap.ca\/fr\/mise-a-jour-sur-le-balisage\/\"]}]},{\"@type\":\"ImageObject\",\"inLanguage\":\"fr-FR\",\"@id\":\"https:\/\/inclusivemap.ca\/fr\/mise-a-jour-sur-le-balisage\/#primaryimage\",\"url\":\"https:\/\/inclusivemap.ca\/wp-content\/uploads\/2024\/07\/MAP-INFO-Newsletter.jpg\",\"contentUrl\":\"https:\/\/inclusivemap.ca\/wp-content\/uploads\/2024\/07\/MAP-INFO-Newsletter.jpg\"},{\"@type\":\"BreadcrumbList\",\"@id\":\"https:\/\/inclusivemap.ca\/fr\/mise-a-jour-sur-le-balisage\/#breadcrumb\",\"itemListElement\":[{\"@type\":\"ListItem\",\"position\":1,\"name\":\"Home\",\"item\":\"https:\/\/inclusivemap.ca\/fr\/\"},{\"@type\":\"ListItem\",\"position\":2,\"name\":\"Mise \u00e0 jour sur le balisage\"}]},{\"@type\":\"WebSite\",\"@id\":\"https:\/\/inclusivemap.ca\/fr\/#website\",\"url\":\"https:\/\/inclusivemap.ca\/fr\/\",\"name\":\"Inclusivemap\",\"description\":\"MAP \u2013 Mobility | Access | Participation\",\"publisher\":{\"@id\":\"https:\/\/inclusivemap.ca\/fr\/#organization\"},\"potentialAction\":[{\"@type\":\"SearchAction\",\"target\":{\"@type\":\"EntryPoint\",\"urlTemplate\":\"https:\/\/inclusivemap.ca\/fr\/?s={search_term_string}\"},\"query-input\":{\"@type\":\"PropertyValueSpecification\",\"valueRequired\":true,\"valueName\":\"search_term_string\"}}],\"inLanguage\":\"fr-FR\"},{\"@type\":\"Organization\",\"@id\":\"https:\/\/inclusivemap.ca\/fr\/#organization\",\"name\":\"Inclusivemap\",\"url\":\"https:\/\/inclusivemap.ca\/fr\/\",\"logo\":{\"@type\":\"ImageObject\",\"inLanguage\":\"fr-FR\",\"@id\":\"https:\/\/inclusivemap.ca\/fr\/#\/schema\/logo\/image\/\",\"url\":\"https:\/\/inclusivemap.ca\/wp-content\/uploads\/2022\/07\/map_bigprint_lighterblue.png\",\"contentUrl\":\"https:\/\/inclusivemap.ca\/wp-content\/uploads\/2022\/07\/map_bigprint_lighterblue.png\",\"width\":8348,\"height\":4563,\"caption\":\"Inclusivemap\"},\"image\":{\"@id\":\"https:\/\/inclusivemap.ca\/fr\/#\/schema\/logo\/image\/\"}}]}<\/script>\n<!-- \/ Yoast SEO plugin. -->","yoast_head_json":{"title":"Mise \u00e0 jour sur le balisage - Inclusivemap","robots":{"index":"index","follow":"follow","max-snippet":"max-snippet:-1","max-image-preview":"max-image-preview:large","max-video-preview":"max-video-preview:-1"},"canonical":"https:\/\/inclusivemap.ca\/fr\/mise-a-jour-sur-le-balisage\/","og_locale":"fr_FR","og_type":"article","og_title":"Mise \u00e0 jour sur le balisage - Inclusivemap","og_description":"juillet 2024 f\u00e9vrier 2024","og_url":"https:\/\/inclusivemap.ca\/fr\/mise-a-jour-sur-le-balisage\/","og_site_name":"Inclusivemap","article_modified_time":"2024-10-15T18:42:25+00:00","og_image":[{"width":816,"height":253,"url":"https:\/\/inclusivemap.ca\/wp-content\/uploads\/2024\/07\/MAP-INFO-Newsletter.jpg","type":"image\/jpeg"}],"twitter_card":"summary_large_image","twitter_misc":{"Dur\u00e9e de lecture estim\u00e9e":"1 minute"},"schema":{"@context":"https:\/\/schema.org","@graph":[{"@type":"WebPage","@id":"https:\/\/inclusivemap.ca\/fr\/mise-a-jour-sur-le-balisage\/","url":"https:\/\/inclusivemap.ca\/fr\/mise-a-jour-sur-le-balisage\/","name":"Mise \u00e0 jour sur le balisage - Inclusivemap","isPartOf":{"@id":"https:\/\/inclusivemap.ca\/fr\/#website"},"primaryImageOfPage":{"@id":"https:\/\/inclusivemap.ca\/fr\/mise-a-jour-sur-le-balisage\/#primaryimage"},"image":{"@id":"https:\/\/inclusivemap.ca\/fr\/mise-a-jour-sur-le-balisage\/#primaryimage"},"thumbnailUrl":"https:\/\/inclusivemap.ca\/wp-content\/uploads\/2024\/07\/MAP-INFO-Newsletter.jpg","datePublished":"2024-07-19T21:44:41+00:00","dateModified":"2024-10-15T18:42:25+00:00","breadcrumb":{"@id":"https:\/\/inclusivemap.ca\/fr\/mise-a-jour-sur-le-balisage\/#breadcrumb"},"inLanguage":"fr-FR","potentialAction":[{"@type":"ReadAction","target":["https:\/\/inclusivemap.ca\/fr\/mise-a-jour-sur-le-balisage\/"]}]},{"@type":"ImageObject","inLanguage":"fr-FR","@id":"https:\/\/inclusivemap.ca\/fr\/mise-a-jour-sur-le-balisage\/#primaryimage","url":"https:\/\/inclusivemap.ca\/wp-content\/uploads\/2024\/07\/MAP-INFO-Newsletter.jpg","contentUrl":"https:\/\/inclusivemap.ca\/wp-content\/uploads\/2024\/07\/MAP-INFO-Newsletter.jpg"},{"@type":"BreadcrumbList","@id":"https:\/\/inclusivemap.ca\/fr\/mise-a-jour-sur-le-balisage\/#breadcrumb","itemListElement":[{"@type":"ListItem","position":1,"name":"Home","item":"https:\/\/inclusivemap.ca\/fr\/"},{"@type":"ListItem","position":2,"name":"Mise \u00e0 jour sur le balisage"}]},{"@type":"WebSite","@id":"https:\/\/inclusivemap.ca\/fr\/#website","url":"https:\/\/inclusivemap.ca\/fr\/","name":"Inclusivemap","description":"MAP \u2013 Mobility | Access | Participation","publisher":{"@id":"https:\/\/inclusivemap.ca\/fr\/#organization"},"potentialAction":[{"@type":"SearchAction","target":{"@type":"EntryPoint","urlTemplate":"https:\/\/inclusivemap.ca\/fr\/?s={search_term_string}"},"query-input":{"@type":"PropertyValueSpecification","valueRequired":true,"valueName":"search_term_string"}}],"inLanguage":"fr-FR"},{"@type":"Organization","@id":"https:\/\/inclusivemap.ca\/fr\/#organization","name":"Inclusivemap","url":"https:\/\/inclusivemap.ca\/fr\/","logo":{"@type":"ImageObject","inLanguage":"fr-FR","@id":"https:\/\/inclusivemap.ca\/fr\/#\/schema\/logo\/image\/","url":"https:\/\/inclusivemap.ca\/wp-content\/uploads\/2022\/07\/map_bigprint_lighterblue.png","contentUrl":"https:\/\/inclusivemap.ca\/wp-content\/uploads\/2022\/07\/map_bigprint_lighterblue.png","width":8348,"height":4563,"caption":"Inclusivemap"},"image":{"@id":"https:\/\/inclusivemap.ca\/fr\/#\/schema\/logo\/image\/"}}]}},"_links":{"self":[{"href":"https:\/\/inclusivemap.ca\/fr\/wp-json\/wp\/v2\/pages\/3983","targetHints":{"allow":["GET"]}}],"collection":[{"href":"https:\/\/inclusivemap.ca\/fr\/wp-json\/wp\/v2\/pages"}],"about":[{"href":"https:\/\/inclusivemap.ca\/fr\/wp-json\/wp\/v2\/types\/page"}],"author":[{"embeddable":true,"href":"https:\/\/inclusivemap.ca\/fr\/wp-json\/wp\/v2\/users\/6"}],"replies":[{"embeddable":true,"href":"https:\/\/inclusivemap.ca\/fr\/wp-json\/wp\/v2\/comments?post=3983"}],"version-history":[{"count":7,"href":"https:\/\/inclusivemap.ca\/fr\/wp-json\/wp\/v2\/pages\/3983\/revisions"}],"predecessor-version":[{"id":4361,"href":"https:\/\/inclusivemap.ca\/fr\/wp-json\/wp\/v2\/pages\/3983\/revisions\/4361"}],"wp:attachment":[{"href":"https:\/\/inclusivemap.ca\/fr\/wp-json\/wp\/v2\/media?parent=3983"}],"wp:term":[{"taxonomy":"publication_categories","embeddable":true,"href":"https:\/\/inclusivemap.ca\/fr\/wp-json\/wp\/v2\/publication_categories?post=3983"}],"curies":[{"name":"wp","href":"https:\/\/api.w.org\/{rel}","templated":true}]}}

Mise à jour sur le balisage

<figure class="wp-block-image alignwide size-full"><img loading="lazy" decoding="async" width="816" height="253" src="https://inclusivemap.ca/wp-content/uploads/2024/07/MAP-INFO-Newsletter.jpg" alt="" class="wp-image-3716" srcset="https://inclusivemap.ca/wp-content/uploads/2024/07/MAP-INFO-Newsletter.jpg 816w, https://inclusivemap.ca/wp-content/uploads/2024/07/MAP-INFO-Newsletter-300x93.jpg 300w, https://inclusivemap.ca/wp-content/uploads/2024/07/MAP-INFO-Newsletter-768x238.jpg 768w, https://inclusivemap.ca/wp-content/uploads/2024/07/MAP-INFO-Newsletter-400x124.jpg 400w" sizes="auto, (max-width: 816px) 100vw, 816px" /></figure>

<h2 class="wp-block-heading">juillet 2024</h2>

<ul class="wp-block-list">
<li>Les étudiants de MITACS sont arrivés en juin et ont mené des entretiens pour la deuxième phase de l&rsquo;étude. Jusqu&rsquo;à présent, ils ont réalisé 8 entretiens et prévoient de commencer le codage et l&rsquo;analyse des données à la fin de l&rsquo;été. </li>
</ul>

<h2 class="wp-block-heading">février 2024</h2>

<ul class="wp-block-list">
<li>Deux étudiants de MITACS rejoignent le projet pour l&rsquo;été 2024 afin de collaborer à la phase 2 du projet. Au cours de la première phase (été 2023), nous avons réalisé 18 entretiens semi-structurés sur les expériences d&rsquo;orientation des utilisateurs d&rsquo;appareils de mobilité afin de comprendre les défis et les facilitateurs. </li>



<li>Au cours de l&rsquo;été 2024, nous travaillerons avec les participants pour développer le contenu d&rsquo;une intervention de formation à l&rsquo;orientation. </li>
</ul>

<p>juillet 2024 février 2024</p>

<!-- This site is optimized with the Yoast SEO plugin v26.9 - https://yoast.com/product/yoast-seo-wordpress/ -->
<title>Mise à jour sur le balisage - Inclusivemap</title>
<meta name="robots" content="index, follow, max-snippet:-1, max-image-preview:large, max-video-preview:-1" />
<link rel="canonical" href="https://inclusivemap.ca/fr/mise-a-jour-sur-le-balisage/" />
<meta property="og:locale" content="fr_FR" />
<meta property="og:type" content="article" />
<meta property="og:title" content="Mise à jour sur le balisage - Inclusivemap" />
<meta property="og:description" content="juillet 2024 février 2024" />
<meta property="og:url" content="https://inclusivemap.ca/fr/mise-a-jour-sur-le-balisage/" />
<meta property="og:site_name" content="Inclusivemap" />
<meta property="article:modified_time" content="2024-10-15T18:42:25+00:00" />
<meta property="og:image" content="https://inclusivemap.ca/wp-content/uploads/2024/07/MAP-INFO-Newsletter.jpg" />
	<meta property="og:image:width" content="816" />
	<meta property="og:image:height" content="253" />
	<meta property="og:image:type" content="image/jpeg" />
<meta name="twitter:card" content="summary_large_image" />
<meta name="twitter:label1" content="Durée de lecture estimée" />
	<meta name="twitter:data1" content="1 minute" />
<script type="application/ld+json" class="yoast-schema-graph">{"@context":"https://schema.org","@graph":[{"@type":"WebPage","@id":"https://inclusivemap.ca/fr/mise-a-jour-sur-le-balisage/","url":"https://inclusivemap.ca/fr/mise-a-jour-sur-le-balisage/","name":"Mise à jour sur le balisage - Inclusivemap","isPartOf":{"@id":"https://inclusivemap.ca/fr/#website"},"primaryImageOfPage":{"@id":"https://inclusivemap.ca/fr/mise-a-jour-sur-le-balisage/#primaryimage"},"image":{"@id":"https://inclusivemap.ca/fr/mise-a-jour-sur-le-balisage/#primaryimage"},"thumbnailUrl":"https://inclusivemap.ca/wp-content/uploads/2024/07/MAP-INFO-Newsletter.jpg","datePublished":"2024-07-19T21:44:41+00:00","dateModified":"2024-10-15T18:42:25+00:00","breadcrumb":{"@id":"https://inclusivemap.ca/fr/mise-a-jour-sur-le-balisage/#breadcrumb"},"inLanguage":"fr-FR","potentialAction":[{"@type":"ReadAction","target":["https://inclusivemap.ca/fr/mise-a-jour-sur-le-balisage/"]}]},{"@type":"ImageObject","inLanguage":"fr-FR","@id":"https://inclusivemap.ca/fr/mise-a-jour-sur-le-balisage/#primaryimage","url":"https://inclusivemap.ca/wp-content/uploads/2024/07/MAP-INFO-Newsletter.jpg","contentUrl":"https://inclusivemap.ca/wp-content/uploads/2024/07/MAP-INFO-Newsletter.jpg"},{"@type":"BreadcrumbList","@id":"https://inclusivemap.ca/fr/mise-a-jour-sur-le-balisage/#breadcrumb","itemListElement":[{"@type":"ListItem","position":1,"name":"Home","item":"https://inclusivemap.ca/fr/"},{"@type":"ListItem","position":2,"name":"Mise à jour sur le balisage"}]},{"@type":"WebSite","@id":"https://inclusivemap.ca/fr/#website","url":"https://inclusivemap.ca/fr/","name":"Inclusivemap","description":"MAP – Mobility | Access | Participation","publisher":{"@id":"https://inclusivemap.ca/fr/#organization"},"potentialAction":[{"@type":"SearchAction","target":{"@type":"EntryPoint","urlTemplate":"https://inclusivemap.ca/fr/?s={search_term_string}"},"query-input":{"@type":"PropertyValueSpecification","valueRequired":true,"valueName":"search_term_string"}}],"inLanguage":"fr-FR"},{"@type":"Organization","@id":"https://inclusivemap.ca/fr/#organization","name":"Inclusivemap","url":"https://inclusivemap.ca/fr/","logo":{"@type":"ImageObject","inLanguage":"fr-FR","@id":"https://inclusivemap.ca/fr/#/schema/logo/image/","url":"https://inclusivemap.ca/wp-content/uploads/2022/07/map_bigprint_lighterblue.png","contentUrl":"https://inclusivemap.ca/wp-content/uploads/2022/07/map_bigprint_lighterblue.png","width":8348,"height":4563,"caption":"Inclusivemap"},"image":{"@id":"https://inclusivemap.ca/fr/#/schema/logo/image/"}}]}</script>
<!-- / Yoast SEO plugin. -->

Mise à jour sur le balisage - Inclusivemap

juillet 2024 février 2024
