{"id":2650,"date":"2024-01-05T19:11:35","date_gmt":"2024-01-05T19:11:35","guid":{"rendered":"https:\/\/inclusivemap.ca\/resources\/accessibilite-des-services-de-garde-au-canada-pour-les-enfants-ages-de-0-a-5-ans-en-situation-de-handicap\/"},"modified":"2024-01-05T19:44:04","modified_gmt":"2024-01-05T19:44:04","slug":"accessibilite-des-services-de-garde-au-canada-pour-les-enfants-ages-de-0-a-5-ans-en-situation-de-handicap","status":"publish","type":"resources","link":"https:\/\/inclusivemap.ca\/fr\/ressources\/accessibilite-des-services-de-garde-au-canada-pour-les-enfants-ages-de-0-a-5-ans-en-situation-de-handicap\/","title":{"rendered":"Accessibilit\u00e9 des services de garde au Canada pour les enfants \u00e2g\u00e9s de 0 \u00e0 5 ans en situation de handicap"},"excerpt":{"rendered":"","protected":false},"featured_media":2654,"template":"","meta":{"_acf_changed":false,"inline_featured_image":false},"resource_type":[44],"class_list":["post-2650","resources","type-resources","status-publish","has-post-thumbnail","hentry","entry"],"acf":[],"yoast_head":"<!-- This site is optimized with the Yoast SEO plugin v26.9 - https:\/\/yoast.com\/product\/yoast-seo-wordpress\/ -->\n<title>Accessibilit\u00e9 des services de garde au Canada pour les enfants \u00e2g\u00e9s de 0 \u00e0 5 ans en situation de handicap - Inclusivemap<\/title>\n<meta name=\"robots\" content=\"index, follow, max-snippet:-1, max-image-preview:large, max-video-preview:-1\" \/>\n<link rel=\"canonical\" href=\"https:\/\/inclusivemap.ca\/fr\/ressources\/accessibilite-des-services-de-garde-au-canada-pour-les-enfants-ages-de-0-a-5-ans-en-situation-de-handicap\/\" \/>\n<meta property=\"og:locale\" content=\"fr_FR\" \/>\n<meta property=\"og:type\" content=\"article\" \/>\n<meta property=\"og:title\" content=\"Accessibilit\u00e9 des services de garde au Canada pour les enfants \u00e2g\u00e9s de 0 \u00e0 5 ans en situation de handicap - Inclusivemap\" \/>\n<meta property=\"og:url\" content=\"https:\/\/inclusivemap.ca\/fr\/ressources\/accessibilite-des-services-de-garde-au-canada-pour-les-enfants-ages-de-0-a-5-ans-en-situation-de-handicap\/\" \/>\n<meta property=\"og:site_name\" content=\"Inclusivemap\" \/>\n<meta property=\"article:modified_time\" content=\"2024-01-05T19:44:04+00:00\" \/>\n<meta property=\"og:image\" content=\"https:\/\/inclusivemap.ca\/wp-content\/uploads\/2024\/01\/Services-de-garde_Scan-env_Rapport-final-2-1.jpg\" \/>\n\t<meta property=\"og:image:width\" content=\"1275\" \/>\n\t<meta property=\"og:image:height\" content=\"1650\" \/>\n\t<meta property=\"og:image:type\" content=\"image\/jpeg\" \/>\n<meta name=\"twitter:card\" content=\"summary_large_image\" \/>\n<script type=\"application\/ld+json\" class=\"yoast-schema-graph\">{\"@context\":\"https:\/\/schema.org\",\"@graph\":[{\"@type\":\"WebPage\",\"@id\":\"https:\/\/inclusivemap.ca\/fr\/ressources\/accessibilite-des-services-de-garde-au-canada-pour-les-enfants-ages-de-0-a-5-ans-en-situation-de-handicap\/\",\"url\":\"https:\/\/inclusivemap.ca\/fr\/ressources\/accessibilite-des-services-de-garde-au-canada-pour-les-enfants-ages-de-0-a-5-ans-en-situation-de-handicap\/\",\"name\":\"Accessibilit\u00e9 des services de garde au Canada pour les enfants \u00e2g\u00e9s de 0 \u00e0 5 ans en situation de handicap - Inclusivemap\",\"isPartOf\":{\"@id\":\"https:\/\/inclusivemap.ca\/fr\/#website\"},\"primaryImageOfPage\":{\"@id\":\"https:\/\/inclusivemap.ca\/fr\/ressources\/accessibilite-des-services-de-garde-au-canada-pour-les-enfants-ages-de-0-a-5-ans-en-situation-de-handicap\/#primaryimage\"},\"image\":{\"@id\":\"https:\/\/inclusivemap.ca\/fr\/ressources\/accessibilite-des-services-de-garde-au-canada-pour-les-enfants-ages-de-0-a-5-ans-en-situation-de-handicap\/#primaryimage\"},\"thumbnailUrl\":\"https:\/\/inclusivemap.ca\/wp-content\/uploads\/2024\/01\/Services-de-garde_Scan-env_Rapport-final-2-1.jpg\",\"datePublished\":\"2024-01-05T19:11:35+00:00\",\"dateModified\":\"2024-01-05T19:44:04+00:00\",\"breadcrumb\":{\"@id\":\"https:\/\/inclusivemap.ca\/fr\/ressources\/accessibilite-des-services-de-garde-au-canada-pour-les-enfants-ages-de-0-a-5-ans-en-situation-de-handicap\/#breadcrumb\"},\"inLanguage\":\"fr-FR\",\"potentialAction\":[{\"@type\":\"ReadAction\",\"target\":[\"https:\/\/inclusivemap.ca\/fr\/ressources\/accessibilite-des-services-de-garde-au-canada-pour-les-enfants-ages-de-0-a-5-ans-en-situation-de-handicap\/\"]}]},{\"@type\":\"ImageObject\",\"inLanguage\":\"fr-FR\",\"@id\":\"https:\/\/inclusivemap.ca\/fr\/ressources\/accessibilite-des-services-de-garde-au-canada-pour-les-enfants-ages-de-0-a-5-ans-en-situation-de-handicap\/#primaryimage\",\"url\":\"https:\/\/inclusivemap.ca\/wp-content\/uploads\/2024\/01\/Services-de-garde_Scan-env_Rapport-final-2-1.jpg\",\"contentUrl\":\"https:\/\/inclusivemap.ca\/wp-content\/uploads\/2024\/01\/Services-de-garde_Scan-env_Rapport-final-2-1.jpg\",\"width\":1275,\"height\":1650,\"caption\":\"page de titre d'un rapport de recherche\"},{\"@type\":\"BreadcrumbList\",\"@id\":\"https:\/\/inclusivemap.ca\/fr\/ressources\/accessibilite-des-services-de-garde-au-canada-pour-les-enfants-ages-de-0-a-5-ans-en-situation-de-handicap\/#breadcrumb\",\"itemListElement\":[{\"@type\":\"ListItem\",\"position\":1,\"name\":\"Home\",\"item\":\"https:\/\/inclusivemap.ca\/fr\/\"},{\"@type\":\"ListItem\",\"position\":2,\"name\":\"Ressources\",\"item\":\"https:\/\/inclusivemap.ca\/fr\/ressources\/\"},{\"@type\":\"ListItem\",\"position\":3,\"name\":\"Accessibilit\u00e9 des services de garde au Canada pour les enfants \u00e2g\u00e9s de 0 \u00e0 5 ans en situation de handicap\"}]},{\"@type\":\"WebSite\",\"@id\":\"https:\/\/inclusivemap.ca\/fr\/#website\",\"url\":\"https:\/\/inclusivemap.ca\/fr\/\",\"name\":\"Inclusivemap\",\"description\":\"MAP \u2013 Mobility | Access | Participation\",\"publisher\":{\"@id\":\"https:\/\/inclusivemap.ca\/fr\/#organization\"},\"potentialAction\":[{\"@type\":\"SearchAction\",\"target\":{\"@type\":\"EntryPoint\",\"urlTemplate\":\"https:\/\/inclusivemap.ca\/fr\/?s={search_term_string}\"},\"query-input\":{\"@type\":\"PropertyValueSpecification\",\"valueRequired\":true,\"valueName\":\"search_term_string\"}}],\"inLanguage\":\"fr-FR\"},{\"@type\":\"Organization\",\"@id\":\"https:\/\/inclusivemap.ca\/fr\/#organization\",\"name\":\"Inclusivemap\",\"url\":\"https:\/\/inclusivemap.ca\/fr\/\",\"logo\":{\"@type\":\"ImageObject\",\"inLanguage\":\"fr-FR\",\"@id\":\"https:\/\/inclusivemap.ca\/fr\/#\/schema\/logo\/image\/\",\"url\":\"https:\/\/inclusivemap.ca\/wp-content\/uploads\/2022\/07\/map_bigprint_lighterblue.png\",\"contentUrl\":\"https:\/\/inclusivemap.ca\/wp-content\/uploads\/2022\/07\/map_bigprint_lighterblue.png\",\"width\":8348,\"height\":4563,\"caption\":\"Inclusivemap\"},\"image\":{\"@id\":\"https:\/\/inclusivemap.ca\/fr\/#\/schema\/logo\/image\/\"}}]}<\/script>\n<!-- \/ Yoast SEO plugin. -->","yoast_head_json":{"title":"Accessibilit\u00e9 des services de garde au Canada pour les enfants \u00e2g\u00e9s de 0 \u00e0 5 ans en situation de handicap - Inclusivemap","robots":{"index":"index","follow":"follow","max-snippet":"max-snippet:-1","max-image-preview":"max-image-preview:large","max-video-preview":"max-video-preview:-1"},"canonical":"https:\/\/inclusivemap.ca\/fr\/ressources\/accessibilite-des-services-de-garde-au-canada-pour-les-enfants-ages-de-0-a-5-ans-en-situation-de-handicap\/","og_locale":"fr_FR","og_type":"article","og_title":"Accessibilit\u00e9 des services de garde au Canada pour les enfants \u00e2g\u00e9s de 0 \u00e0 5 ans en situation de handicap - Inclusivemap","og_url":"https:\/\/inclusivemap.ca\/fr\/ressources\/accessibilite-des-services-de-garde-au-canada-pour-les-enfants-ages-de-0-a-5-ans-en-situation-de-handicap\/","og_site_name":"Inclusivemap","article_modified_time":"2024-01-05T19:44:04+00:00","og_image":[{"width":1275,"height":1650,"url":"https:\/\/inclusivemap.ca\/wp-content\/uploads\/2024\/01\/Services-de-garde_Scan-env_Rapport-final-2-1.jpg","type":"image\/jpeg"}],"twitter_card":"summary_large_image","schema":{"@context":"https:\/\/schema.org","@graph":[{"@type":"WebPage","@id":"https:\/\/inclusivemap.ca\/fr\/ressources\/accessibilite-des-services-de-garde-au-canada-pour-les-enfants-ages-de-0-a-5-ans-en-situation-de-handicap\/","url":"https:\/\/inclusivemap.ca\/fr\/ressources\/accessibilite-des-services-de-garde-au-canada-pour-les-enfants-ages-de-0-a-5-ans-en-situation-de-handicap\/","name":"Accessibilit\u00e9 des services de garde au Canada pour les enfants \u00e2g\u00e9s de 0 \u00e0 5 ans en situation de handicap - Inclusivemap","isPartOf":{"@id":"https:\/\/inclusivemap.ca\/fr\/#website"},"primaryImageOfPage":{"@id":"https:\/\/inclusivemap.ca\/fr\/ressources\/accessibilite-des-services-de-garde-au-canada-pour-les-enfants-ages-de-0-a-5-ans-en-situation-de-handicap\/#primaryimage"},"image":{"@id":"https:\/\/inclusivemap.ca\/fr\/ressources\/accessibilite-des-services-de-garde-au-canada-pour-les-enfants-ages-de-0-a-5-ans-en-situation-de-handicap\/#primaryimage"},"thumbnailUrl":"https:\/\/inclusivemap.ca\/wp-content\/uploads\/2024\/01\/Services-de-garde_Scan-env_Rapport-final-2-1.jpg","datePublished":"2024-01-05T19:11:35+00:00","dateModified":"2024-01-05T19:44:04+00:00","breadcrumb":{"@id":"https:\/\/inclusivemap.ca\/fr\/ressources\/accessibilite-des-services-de-garde-au-canada-pour-les-enfants-ages-de-0-a-5-ans-en-situation-de-handicap\/#breadcrumb"},"inLanguage":"fr-FR","potentialAction":[{"@type":"ReadAction","target":["https:\/\/inclusivemap.ca\/fr\/ressources\/accessibilite-des-services-de-garde-au-canada-pour-les-enfants-ages-de-0-a-5-ans-en-situation-de-handicap\/"]}]},{"@type":"ImageObject","inLanguage":"fr-FR","@id":"https:\/\/inclusivemap.ca\/fr\/ressources\/accessibilite-des-services-de-garde-au-canada-pour-les-enfants-ages-de-0-a-5-ans-en-situation-de-handicap\/#primaryimage","url":"https:\/\/inclusivemap.ca\/wp-content\/uploads\/2024\/01\/Services-de-garde_Scan-env_Rapport-final-2-1.jpg","contentUrl":"https:\/\/inclusivemap.ca\/wp-content\/uploads\/2024\/01\/Services-de-garde_Scan-env_Rapport-final-2-1.jpg","width":1275,"height":1650,"caption":"page de titre d'un rapport de recherche"},{"@type":"BreadcrumbList","@id":"https:\/\/inclusivemap.ca\/fr\/ressources\/accessibilite-des-services-de-garde-au-canada-pour-les-enfants-ages-de-0-a-5-ans-en-situation-de-handicap\/#breadcrumb","itemListElement":[{"@type":"ListItem","position":1,"name":"Home","item":"https:\/\/inclusivemap.ca\/fr\/"},{"@type":"ListItem","position":2,"name":"Ressources","item":"https:\/\/inclusivemap.ca\/fr\/ressources\/"},{"@type":"ListItem","position":3,"name":"Accessibilit\u00e9 des services de garde au Canada pour les enfants \u00e2g\u00e9s de 0 \u00e0 5 ans en situation de handicap"}]},{"@type":"WebSite","@id":"https:\/\/inclusivemap.ca\/fr\/#website","url":"https:\/\/inclusivemap.ca\/fr\/","name":"Inclusivemap","description":"MAP \u2013 Mobility | Access | Participation","publisher":{"@id":"https:\/\/inclusivemap.ca\/fr\/#organization"},"potentialAction":[{"@type":"SearchAction","target":{"@type":"EntryPoint","urlTemplate":"https:\/\/inclusivemap.ca\/fr\/?s={search_term_string}"},"query-input":{"@type":"PropertyValueSpecification","valueRequired":true,"valueName":"search_term_string"}}],"inLanguage":"fr-FR"},{"@type":"Organization","@id":"https:\/\/inclusivemap.ca\/fr\/#organization","name":"Inclusivemap","url":"https:\/\/inclusivemap.ca\/fr\/","logo":{"@type":"ImageObject","inLanguage":"fr-FR","@id":"https:\/\/inclusivemap.ca\/fr\/#\/schema\/logo\/image\/","url":"https:\/\/inclusivemap.ca\/wp-content\/uploads\/2022\/07\/map_bigprint_lighterblue.png","contentUrl":"https:\/\/inclusivemap.ca\/wp-content\/uploads\/2022\/07\/map_bigprint_lighterblue.png","width":8348,"height":4563,"caption":"Inclusivemap"},"image":{"@id":"https:\/\/inclusivemap.ca\/fr\/#\/schema\/logo\/image\/"}}]}},"_links":{"self":[{"href":"https:\/\/inclusivemap.ca\/fr\/wp-json\/wp\/v2\/resources\/2650","targetHints":{"allow":["GET"]}}],"collection":[{"href":"https:\/\/inclusivemap.ca\/fr\/wp-json\/wp\/v2\/resources"}],"about":[{"href":"https:\/\/inclusivemap.ca\/fr\/wp-json\/wp\/v2\/types\/resources"}],"version-history":[{"count":2,"href":"https:\/\/inclusivemap.ca\/fr\/wp-json\/wp\/v2\/resources\/2650\/revisions"}],"predecessor-version":[{"id":2656,"href":"https:\/\/inclusivemap.ca\/fr\/wp-json\/wp\/v2\/resources\/2650\/revisions\/2656"}],"wp:featuredmedia":[{"embeddable":true,"href":"https:\/\/inclusivemap.ca\/fr\/wp-json\/wp\/v2\/media\/2654"}],"wp:attachment":[{"href":"https:\/\/inclusivemap.ca\/fr\/wp-json\/wp\/v2\/media?parent=2650"}],"wp:term":[{"taxonomy":"resource_type","embeddable":true,"href":"https:\/\/inclusivemap.ca\/fr\/wp-json\/wp\/v2\/resource_type?post=2650"}],"curies":[{"name":"wp","href":"https:\/\/api.w.org\/{rel}","templated":true}]}}

Accessibilité des services de garde au Canada pour les enfants âgés de 0 à 5 ans en situation de handicap

<!-- This site is optimized with the Yoast SEO plugin v26.9 - https://yoast.com/product/yoast-seo-wordpress/ -->
<title>Accessibilité des services de garde au Canada pour les enfants âgés de 0 à 5 ans en situation de handicap - Inclusivemap</title>
<meta name="robots" content="index, follow, max-snippet:-1, max-image-preview:large, max-video-preview:-1" />
<link rel="canonical" href="https://inclusivemap.ca/fr/ressources/accessibilite-des-services-de-garde-au-canada-pour-les-enfants-ages-de-0-a-5-ans-en-situation-de-handicap/" />
<meta property="og:locale" content="fr_FR" />
<meta property="og:type" content="article" />
<meta property="og:title" content="Accessibilité des services de garde au Canada pour les enfants âgés de 0 à 5 ans en situation de handicap - Inclusivemap" />
<meta property="og:url" content="https://inclusivemap.ca/fr/ressources/accessibilite-des-services-de-garde-au-canada-pour-les-enfants-ages-de-0-a-5-ans-en-situation-de-handicap/" />
<meta property="og:site_name" content="Inclusivemap" />
<meta property="article:modified_time" content="2024-01-05T19:44:04+00:00" />
<meta property="og:image" content="https://inclusivemap.ca/wp-content/uploads/2024/01/Services-de-garde_Scan-env_Rapport-final-2-1.jpg" />
	<meta property="og:image:width" content="1275" />
	<meta property="og:image:height" content="1650" />
	<meta property="og:image:type" content="image/jpeg" />
<meta name="twitter:card" content="summary_large_image" />
<script type="application/ld+json" class="yoast-schema-graph">{"@context":"https://schema.org","@graph":[{"@type":"WebPage","@id":"https://inclusivemap.ca/fr/ressources/accessibilite-des-services-de-garde-au-canada-pour-les-enfants-ages-de-0-a-5-ans-en-situation-de-handicap/","url":"https://inclusivemap.ca/fr/ressources/accessibilite-des-services-de-garde-au-canada-pour-les-enfants-ages-de-0-a-5-ans-en-situation-de-handicap/","name":"Accessibilité des services de garde au Canada pour les enfants âgés de 0 à 5 ans en situation de handicap - Inclusivemap","isPartOf":{"@id":"https://inclusivemap.ca/fr/#website"},"primaryImageOfPage":{"@id":"https://inclusivemap.ca/fr/ressources/accessibilite-des-services-de-garde-au-canada-pour-les-enfants-ages-de-0-a-5-ans-en-situation-de-handicap/#primaryimage"},"image":{"@id":"https://inclusivemap.ca/fr/ressources/accessibilite-des-services-de-garde-au-canada-pour-les-enfants-ages-de-0-a-5-ans-en-situation-de-handicap/#primaryimage"},"thumbnailUrl":"https://inclusivemap.ca/wp-content/uploads/2024/01/Services-de-garde_Scan-env_Rapport-final-2-1.jpg","datePublished":"2024-01-05T19:11:35+00:00","dateModified":"2024-01-05T19:44:04+00:00","breadcrumb":{"@id":"https://inclusivemap.ca/fr/ressources/accessibilite-des-services-de-garde-au-canada-pour-les-enfants-ages-de-0-a-5-ans-en-situation-de-handicap/#breadcrumb"},"inLanguage":"fr-FR","potentialAction":[{"@type":"ReadAction","target":["https://inclusivemap.ca/fr/ressources/accessibilite-des-services-de-garde-au-canada-pour-les-enfants-ages-de-0-a-5-ans-en-situation-de-handicap/"]}]},{"@type":"ImageObject","inLanguage":"fr-FR","@id":"https://inclusivemap.ca/fr/ressources/accessibilite-des-services-de-garde-au-canada-pour-les-enfants-ages-de-0-a-5-ans-en-situation-de-handicap/#primaryimage","url":"https://inclusivemap.ca/wp-content/uploads/2024/01/Services-de-garde_Scan-env_Rapport-final-2-1.jpg","contentUrl":"https://inclusivemap.ca/wp-content/uploads/2024/01/Services-de-garde_Scan-env_Rapport-final-2-1.jpg","width":1275,"height":1650,"caption":"page de titre d'un rapport de recherche"},{"@type":"BreadcrumbList","@id":"https://inclusivemap.ca/fr/ressources/accessibilite-des-services-de-garde-au-canada-pour-les-enfants-ages-de-0-a-5-ans-en-situation-de-handicap/#breadcrumb","itemListElement":[{"@type":"ListItem","position":1,"name":"Home","item":"https://inclusivemap.ca/fr/"},{"@type":"ListItem","position":2,"name":"Ressources","item":"https://inclusivemap.ca/fr/ressources/"},{"@type":"ListItem","position":3,"name":"Accessibilité des services de garde au Canada pour les enfants âgés de 0 à 5 ans en situation de handicap"}]},{"@type":"WebSite","@id":"https://inclusivemap.ca/fr/#website","url":"https://inclusivemap.ca/fr/","name":"Inclusivemap","description":"MAP – Mobility | Access | Participation","publisher":{"@id":"https://inclusivemap.ca/fr/#organization"},"potentialAction":[{"@type":"SearchAction","target":{"@type":"EntryPoint","urlTemplate":"https://inclusivemap.ca/fr/?s={search_term_string}"},"query-input":{"@type":"PropertyValueSpecification","valueRequired":true,"valueName":"search_term_string"}}],"inLanguage":"fr-FR"},{"@type":"Organization","@id":"https://inclusivemap.ca/fr/#organization","name":"Inclusivemap","url":"https://inclusivemap.ca/fr/","logo":{"@type":"ImageObject","inLanguage":"fr-FR","@id":"https://inclusivemap.ca/fr/#/schema/logo/image/","url":"https://inclusivemap.ca/wp-content/uploads/2022/07/map_bigprint_lighterblue.png","contentUrl":"https://inclusivemap.ca/wp-content/uploads/2022/07/map_bigprint_lighterblue.png","width":8348,"height":4563,"caption":"Inclusivemap"},"image":{"@id":"https://inclusivemap.ca/fr/#/schema/logo/image/"}}]}</script>
<!-- / Yoast SEO plugin. -->

Accessibilité des services de garde au Canada pour les enfants âgés de 0 à 5 ans en situation de handicap - Inclusivemap
